a*g. What is the tens digit of z?
4
Let f = -3494 - -7878. What is the hundreds digit of f?
3
Let l = 10830 - 1811. What is the thousands digit of l?
9
Let z be -1 + 6 - (-55 + (-6 - -17)). What is the hundreds digit of 4 - ((-5740)/z + (-1)/(-7))?
1
Suppose 10836 + 9741 = 19*z. Let p = z - 471. What is the units digit of p?
2
Suppose -22*f = -7*f - 50445. What is the tens digit of f?
6
Let s = 502 - -2639. What is the hundreds digit of s?
1
Suppose 0 = a + 2*h + 40, a + 64 = h + 3*h. Let v = 55 + a. Suppose -2*c - 80 = -v*c. What is the tens digit of c?
1
Let i(q) be the third derivative of -q**6/120 - q**5/20 - 17*q**4/12 - 7*q**3/2 - 2*q**2 + 74*q. What is the units digit of i(-7)?
3
Let h(k) = 2*k**3 - k**2 - 3*k - 3. Let t be h(-2). Suppose 2*w - 78 = -2*q, -q - 2*q = 2*w - 74. Let r = t + w. What is the tens digit of r?
2
Let g = -8377 + 18673. What is the ten thousands digit of g?
1
Suppose 0 = -11*i + 22 + 22. Suppose -i*y + 3*m = -1926, 3*y - 3*m - 546 = 897. What is the units digit of y?
3
Suppose -727070 = 61*h - 4968278. What is the hundreds digit of h?
5
Suppose 18*c = 197510 - 29876. What is the tens digit of c?
1
Suppose 5*v - 6*v + 198 = 0. Suppose 2*f = 5*h + 408, 0 = f - 5*h + h - v. What is the units digit of f?
4
Suppose 6*t - 139269 = 5*g, -3*g = -4*t + 2*g + 92851. What is the thousands digit of t?
3
Let z(d) = -d**2 - 25*d - 19. Let o be z(-24). Suppose 0*u = 2*u, -o*h - 2*u = -1515. What is the tens digit of h?
0
Suppose -3*p - 48 = -v + 3*v, -4*p - 2*v - 62 = 0. What is the units digit of (-6)/4 - -17*(-161)/p?
4
Suppose 608 = -11*n + 14*n - 2*p, 3*p = 6. Let a = 185 + -73. Let d = n - a. What is the units digit of d?
2
Let x = -48 + 57. Suppose 5*z = -x*y + 11*y + 3085, 0 = 3*y + 15. What is the tens digit of z?
1
Let q(u) = 8*u - 14. Let c be q(4). Suppose -17*p = -c*p. Suppose p = 5*f - 0*f - 230. What is the units digit of f?
6
Let c be (917/(-28) + -5)/((-1)/4). Let r = c - -53. Suppose l + 498 = 5*t, -2*t - r = -4*t + 2*l. What is the units digit of t?
9
Let s be 2/(-2) + 18725/25. Let y = s + -376. What is the tens digit of y?
7
Suppose 60531 = -15*y + 112986. What is the hundreds digit of y?
4
Let y(b) = 195*b + 39. Let o(j) = 1. Let r(a) = 26*o(a) - y(a). What is the hundreds digit of r(-2)?
3
Let p(f) = 5*f**2 + 6*f - 13. Let i(z) = -2*z - 6. Let a be i(-6). Suppose 66 = -5*w - a*w. What is the hundreds digit of p(w)?
1
Let r be 3/(((-4)/20)/(-1 + -2)). Let g = 78 - r. Suppose 31*x = g*x - 68. What is the tens digit of x?
3
Let a = 25 - 22. Suppose p - 141 = -a*g - 0*g, -g - p = -49. What is the tens digit of g?
4
Suppose -6*d + 18 = -6. Suppose 2*f - 11 = y + d*f, -y - 16 = 3*f. What is the tens digit of y + 41 - (-2 - 0/3)?
4
Let p = 7 + -13. Let y be (-4)/p*6/(-4). What is the tens digit of 8/(-8)*(y + -80)?
8
Let f = 106905 - 71563. What is the thousands digit of f?
5
What is the tens digit of 548/(-1644) - (10132/(-3) + 0)?
7
Let a(u) = 3*u**3 - 3*u**2 - 9*u + 6. Let w be 5*(-2)/(-25)*15. What is the hundreds digit of a(w)?
4
Suppose -10 = l - 5*c, -3*l - 4*c + 2 = -3*c. Suppose l*p - 1545 = -5*y + p, 0 = y + 4*p - 309. What is the units digit of y?
9
Let z(r) = 1173*r**2 + 78*r + 382. What is the ten thousands digit of z(-5)?
2
Let p be -1*(-2 + 5) + (-1918)/14. Let q = p + 207. Suppose m = -3*f + 52, -2*m - 4*f + q = -33. What is the tens digit of m?
4
Suppose 206696 = 17*f - 413804. What is the ten thousands digit of f?
3
Let t be (-4)/((-56)/(-6)) + (-217)/(-49). Let r be 49/t - 2/8. Let y = 24 - r. What is the tens digit of y?
1
Let m = -14194 + 26234. What is the thousands digit of m?
2
Let w(y) = y**2 - 13*y - 45. Let j(h) be the second derivative of h**4/4 - 2*h**3 + 7*h**2/2 + 20*h. Let t be j(5). What is the units digit of w(t)?
3
Suppose q + 0*q = -2*q. Let i be (-774)/(2 + -5) + (q - 0). Suppose -i = w - 7*w. What is the tens digit of w?
4
Suppose h = -4*a + 5*a + 10, -4*a = 4*h - 64. Suppose 0 = -h*x + 4*x + 7110. What is the units digit of x?
0
What is the tens digit of -15 + (11645 - 2 - 16)?
1
Let d = 2739 + -1106. Suppose -d = 8*w - 5673. What is the units digit of w?
5
Suppose -6*f + 3*f + 2136 = -4*z, -4*f = 2*z - 2870. Suppose -47*k = -43*k - f. What is the tens digit of k?
7
Let q(i) = 444*i + 8955. What is the ten thousands digit of q(98)?
5
Let b(d) = -3866*d + 146. What is the units digit of b(-5)?
6
Let x be (-956)/2 + 2/(-6)*0. Let w = x - -820. What is the units digit of (9/6 - 1) + w/4?
6
Suppose 236116 + 436460 - 62322 = 18*z. What is the thousands digit of z?
3
Suppose 0 = -2*a + 6*a - 80. Let u be (84/(-105))/((-2*1)/a). Let m = u + 6. What is the units digit of m?
4
Let i be 1*(3/9 - (-166)/(-3)). Let b = -52 - i. Suppose 0 = b*h + 2*f + 2*f - 65, 5*h - 117 = 2*f. What is the tens digit of h?
2
Let i(t) = t**2 - 9*t - 18. Suppose s + 3*s - p + 397 = 0, -3*s = 2*p + 295. Let o = s + 113. What is the units digit of i(o)?
2
Let v(g) = 15*g**2 + 3*g + 2. Let i = 11 - 12. Let j be v(i). What is the units digit of 10/3 - (j/(-3) - -5)?
3
Let r(i) = -3*i - 4. Let v be r(-7). Let q(w) = -1 + v - 2*w + 7*w + 2*w**2 + 8*w. What is the units digit of q(-7)?
3
Suppose -13*b - 30*b = 90*b - 8302259. What is the thousands digit of b?
2
Let d(p) = -11*p - 66. Let a be d(-6). Suppose -2*k - 10 = 0, -g + 4*g - 5*k - 511 = a. What is the hundreds digit of g?
1
Let n(q) be the third derivative of q**5/60 - 17*q**4/12 + 43*q**3/2 - 59*q**2. What is the tens digit of n(36)?
0
Let u(g) = 9*g**2 - 13*g - 610. What is the hundreds digit of u(-24)?
8
Suppose 2*z = -5*n - 825, 13 = 2*z + 3. Suppose 56 = -3*w - 190. Let t = w - n. What is the tens digit of t?
8
Let f(g) = -33*g - 14. Let b(i) = -4*i**2 - 14 - 6*i**2 + i - i**3 + 20*i**2. Let o be b(10). What is the hundreds digit of f(o)?
1
Let l = -326 + 2516. What is the tens digit of l?
9
Let m(i) = i**2 + 6*i + 3. Let q be m(-4). Let r be (4/q)/(1/(-30)) - -2. Suppose 0 = r*z - 19*z - 889. What is the hundreds digit of z?
1
What is the thousands digit of ((-110)/275)/((-2)/40) - -11879?
1
Suppose 18*b - 22*b = 4*i - 13284, -3*i = b - 3313. What is the thousands digit of b?
3
Suppose 2*a = -3*i - 587, 0*a - 880 = 3*a + 4*i. What is the hundreds digit of (-15)/(-3)*(-6 - a/5)?
2
Suppose -430 = 7*o + 522. What is the units digit of 2/(-8) + o/64*-114?
2
Let k(w) = w**3 + 3*w**2 + 9*w + 22. Let s be k(-4). Let y be -1*((-4)/s + 2/(-15)). Suppose y = 8*r - 878 - 626. What is the units digit of r?
8
Let n = 16815 - 15196. What is the thousands digit of n?
1
Suppose 10*b = 2393 + 2437. Suppose 5*j = 1897 + b. Let w = -329 + j. What is the tens digit of w?
4
Let n be (2 + (-35)/15)/((-2)/12). Suppose -4*f + n*u - 13 = f, -22 = 2*f - 5*u. What is the tens digit of -7 + 85 + -1 + f + 1?
7
Let r be -24 - (25/(-9) - 26/117). Let z = -5 - 14. Let j = z - r. What is the units digit of j?
2
Suppose 4*s - 3*w - 16 = 0, -s - 3*w + 4 = -8*w. Suppose -c = 4*f - 1559, -5*c - 8*f + s*f = -7715. What is the tens digit of c?
3
Let i(y) = -18*y - 49. Let q be i(-14). Suppose -q = -87*c + 86*c. Let g = c + -83. What is the units digit of g?
0
Let d = -69 - -72. Let h(y) = d*y - 13 - 18 - y**2 + 3*y**2 + y**2. What is the hundreds digit of h(7)?
1
Suppose -k + 539675 = -5*h, -2*h + 4*k = 2*h + 431724. What is the tens digit of 15/9 - 2 - h/96?
2
Let i(g) = -42 - 23 - 3*g**3 - 9 - 29*g - 12*g**2. What is the hundreds digit of i(-9)?
4
Suppose 3*y - 3*d = -5*d + 10, 0 = -5*y + 5*d. Let g(p) = -5 - 2 - 7*p + 3*p**y + 0 + 2*p**2. What is the tens digit of g(-6)?
1
Let t(s) be the second derivative of 7*s**4/6 + 2*s**3/3 - 3*s**2/2 - 15*s - 3. What is the units digit of t(1)?
5
Let d be (15/(-60))/(1/5204). Let t = 1996 + d. What is the units digit of t?
5
Suppose 3*y + 467*b - 472*b = 27848, 0 = -5*y + 2*b + 46464. What is the tens digit of y?
9
Suppose -5*z - 5*o + 5 = 0, -9*z + 3 = -6*z - 2*o. Let q(b) = 7*b**3 - b + 2. Let j be q(z). Let l(h) = 22*h - 51. What is the hundreds digit of l(j)?
1
Let q = 24 - -85. Suppose 5*c = -p + 262, 0 = -2*c - 4*p + 5*p + q. What is the tens digit of c?
5
Suppose -2*w - 9 = 4*l + 3, 0 = -5*w - 20. What is the tens digit of 25*(l - 268/(-10))?
4
Let h(n) = -57*n + 2925. What is the tens digit of h(-104)?
5
Suppose -2*j - 114 = -110. 